{"id":3994,"date":"2024-04-28T19:18:30","date_gmt":"2024-04-28T19:18:30","guid":{"rendered":"https:\/\/ewisee.eu\/feminicidios\/"},"modified":"2024-09-05T02:47:22","modified_gmt":"2024-09-05T02:47:22","slug":"feminicidios","status":"publish","type":"page","link":"https:\/\/ewisee.eu\/es\/feminicidios\/","title":{"rendered":"Feminicidios"},"content":{"rendered":"\n<p>Asesinato de mujeres y ni\u00f1as a causa de su g\u00e9nero, que puede adoptar la forma de, entre otras cosas:<\/p>\n\n\n\n<ul class=\"wp-block-list\">\n<li>el asesinato de mujeres como consecuencia de la violencia ejercida por su pareja;<\/li>\n\n\n\n<li>la tortura y el asesinato mis\u00f3gino de mujeres <\/li>\n\n\n\n<li>asesinato de mujeres y ni\u00f1as en nombre del \u00abhonor\u00bb;<\/li>\n\n\n\n<li>asesinatos selectivos de mujeres y ni\u00f1as en el contexto de los conflictos armados;<\/li>\n\n\n\n<li>asesinatos de mujeres relacionados con la dote;<\/li>\n\n\n\n<li>asesinato de mujeres y ni\u00f1as a causa de su orientaci\u00f3n sexual e identidad de g\u00e9nero;<\/li>\n\n\n\n<li>el asesinato de mujeres y ni\u00f1as abor\u00edgenes e ind\u00edgenas a causa de su g\u00e9nero;<\/li>\n\n\n\n<li>infanticidio femenino y feticidio por selecci\u00f3n de sexo;<\/li>\n\n\n\n<li>muertes relacionadas con la mutilaci\u00f3n genital;<\/li>\n\n\n\n<li>acusaciones de brujer\u00eda y<\/li>\n\n\n\n<li>otros feminicidios relacionados con bandas, delincuencia organizada, narcotraficantes, trata de seres humanos y proliferaci\u00f3n de armas ligeras.<\/li>\n<\/ul>\n\n\n\n<div class=\"wp-block-group is-vertical is-layout-flex wp-container-core-group-is-layout-8cf370e7 wp-block-group-is-layout-flex\">\n<p><strong>Recursos (en ingl\u00e9s):<\/strong><\/p>\n\n\n\n<ul class=\"wp-block-list\">\n<li><a href=\"https:\/\/diotima.org.gr\/en\/femicide-in-public-discourse-and-the-public-sphere\/\" target=\"_blank\" rel=\"noreferrer noopener\"><strong>El feminicidio en el discurso y la esfera p\u00fablica &#8211; DiotimaOrg<\/strong><\/a><\/li>\n\n\n\n<li><strong><a href=\"https:\/\/eige.europa.eu\/gender-based-violence\/femicide?language_content_entity=en\" target=\"_blank\" rel=\"noreferrer noopener\"><\/a><a href=\"https:\/\/eige.europa.eu\/gender-based-violence\/femicide?language_content_entity=en\">Femicidio &#8211; Instituto Europeo de la Igualdad de G\u00e9nero<\/a> <\/strong><\/li>\n\n\n\n<li><strong><a href=\"https:\/\/youtu.be\/l0trDbyNqhE?feature=shared\" target=\"_blank\" rel=\"noreferrer noopener\"><\/a><a href=\"https:\/\/youtu.be\/l0trDbyNqhE?feature=shared\">Femicidios: el mecanismo | DOCUMENTAL COMPLETO<\/a><\/strong><\/li>\n\n\n\n<li><a href=\"https:\/\/www.youtube.com\/watch?v=VLLyzqkH6cs&amp;pp=ygUSY2FuY2lvbiBzaW4gbWllZG8g\" target=\"_blank\" rel=\"noreferrer noopener\"><strong>Vivir Quintana &#8211; Canci\u00f3n sin miedo ft. El Palomar <\/strong><\/a><\/li>\n\n\n\n<li><strong><a href=\"https:\/\/www.youtube.com\/watch?v=UPD1XvT2Too&amp;pp=ygUSY2FuY2lvbiBzaW4gbWllZG8g\" target=\"_blank\" rel=\"noreferrer noopener\"><\/a><a href=\"https:\/\/www.youtube.com\/watch?v=UPD1XvT2Too&amp;pp=ygUSY2FuY2lvbiBzaW4gbWllZG8g\">Canci\u00f3n sin Miedo | 8 de marzo de 2022<\/a><\/strong><\/li>\n<\/ul>\n<\/div>\n\n\n\n<div style=\"height:30px\" aria-hidden=\"true\" class=\"wp-block-spacer\"><\/div>\n\n\n<a target=\"_self\" class=\"button small grey\" href=\"\/es\/1a-categoria-violencia-de-genero-y-violencia-contra-la-identidad-femenina\/\">Atr\u00e1s<\/a>\n","protected":false},"excerpt":{"rendered":"<p>Asesinato de mujeres y ni\u00f1as a causa de su g\u00e9nero, que puede adoptar la forma de, entre otras cosas: Recursos (en ingl\u00e9s):<\/p>\n","protected":false},"author":6,"featured_media":0,"parent":0,"menu_order":0,"comment_status":"closed","ping_status":"closed","template":"t-team.php","meta":{"footnotes":""},"class_list":["post-3994","page","type-page","status-publish","hentry"],"jetpack_sharing_enabled":true,"jetpack-related-posts":[],"_links":{"self":[{"href":"https:\/\/ewisee.eu\/es\/wp-json\/wp\/v2\/pages\/3994","targetHints":{"allow":["GET"]}}],"collection":[{"href":"https:\/\/ewisee.eu\/es\/wp-json\/wp\/v2\/pages"}],"about":[{"href":"https:\/\/ewisee.eu\/es\/wp-json\/wp\/v2\/types\/page"}],"author":[{"embeddable":true,"href":"https:\/\/ewisee.eu\/es\/wp-json\/wp\/v2\/users\/6"}],"replies":[{"embeddable":true,"href":"https:\/\/ewisee.eu\/es\/wp-json\/wp\/v2\/comments?post=3994"}],"version-history":[{"count":2,"href":"https:\/\/ewisee.eu\/es\/wp-json\/wp\/v2\/pages\/3994\/revisions"}],"predecessor-version":[{"id":3999,"href":"https:\/\/ewisee.eu\/es\/wp-json\/wp\/v2\/pages\/3994\/revisions\/3999"}],"wp:attachment":[{"href":"https:\/\/ewisee.eu\/es\/wp-json\/wp\/v2\/media?parent=3994"}],"curies":[{"name":"wp","href":"https:\/\/api.w.org\/{rel}","templated":true}]}}

<p>Asesinato de mujeres y niñas a causa de su género, que puede adoptar la forma de, entre otras cosas:</p>



<ul class="wp-block-list">
<li>el asesinato de mujeres como consecuencia de la violencia ejercida por su pareja;</li>



<li>la tortura y el asesinato misógino de mujeres </li>



<li>asesinato de mujeres y niñas en nombre del «honor»;</li>



<li>asesinatos selectivos de mujeres y niñas en el contexto de los conflictos armados;</li>



<li>asesinatos de mujeres relacionados con la dote;</li>



<li>asesinato de mujeres y niñas a causa de su orientación sexual e identidad de género;</li>



<li>el asesinato de mujeres y niñas aborígenes e indígenas a causa de su género;</li>



<li>infanticidio femenino y feticidio por selección de sexo;</li>



<li>muertes relacionadas con la mutilación genital;</li>



<li>acusaciones de brujería y</li>



<li>otros feminicidios relacionados con bandas, delincuencia organizada, narcotraficantes, trata de seres humanos y proliferación de armas ligeras.</li>
</ul>



<div class="wp-block-group is-vertical is-layout-flex wp-container-core-group-is-layout-8cf370e7 wp-block-group-is-layout-flex">
<p><strong>Recursos (en inglés):</strong></p>



<ul class="wp-block-list">
<li><a href="https://diotima.org.gr/en/femicide-in-public-discourse-and-the-public-sphere/" target="_blank" rel="noreferrer noopener"><strong>El feminicidio en el discurso y la esfera pública &#8211; DiotimaOrg</strong></a></li>



<li><strong><a href="https://eige.europa.eu/gender-based-violence/femicide?language_content_entity=en" target="_blank" rel="noreferrer noopener"></a><a href="https://eige.europa.eu/gender-based-violence/femicide?language_content_entity=en">Femicidio &#8211; Instituto Europeo de la Igualdad de Género</a> </strong></li>



<li><strong><a href="https://youtu.be/l0trDbyNqhE?feature=shared" target="_blank" rel="noreferrer noopener"></a><a href="https://youtu.be/l0trDbyNqhE?feature=shared">Femicidios: el mecanismo | DOCUMENTAL COMPLETO</a></strong></li>



<li><a href="https://www.youtube.com/watch?v=VLLyzqkH6cs&amp;pp=ygUSY2FuY2lvbiBzaW4gbWllZG8g" target="_blank" rel="noreferrer noopener"><strong>Vivir Quintana &#8211; Canción sin miedo ft. El Palomar </strong></a></li>



<li><strong><a href="https://www.youtube.com/watch?v=UPD1XvT2Too&amp;pp=ygUSY2FuY2lvbiBzaW4gbWllZG8g" target="_blank" rel="noreferrer noopener"></a><a href="https://www.youtube.com/watch?v=UPD1XvT2Too&amp;pp=ygUSY2FuY2lvbiBzaW4gbWllZG8g">Canción sin Miedo | 8 de marzo de 2022</a></strong></li>
</ul>
</div>



<div style="height:30px" aria-hidden="true" class="wp-block-spacer"></div>


<a target="_self" class="button small grey" href="/es/1a-categoria-violencia-de-genero-y-violencia-contra-la-identidad-femenina/">Atrás</a>

<p>Asesinato de mujeres y niñas a causa de su género, que puede adoptar la forma de, entre otras cosas: Recursos (en inglés):</p>
