{"id":4002,"date":"2024-04-28T19:28:08","date_gmt":"2024-04-28T19:28:08","guid":{"rendered":"https:\/\/ewisee.eu\/sexismo\/"},"modified":"2024-09-05T03:38:08","modified_gmt":"2024-09-05T03:38:08","slug":"sexismo","status":"publish","type":"page","link":"https:\/\/ewisee.eu\/es\/sexismo\/","title":{"rendered":"Sexismo"},"content":{"rendered":"\n<p>Discriminaci\u00f3n o prejuicios contra las personas por raz\u00f3n de su sexo, g\u00e9nero y\/o caracter\u00edsticas percibidas de los mismos. Est\u00e1 vinculada a creencias sobre la naturaleza fundamental de las mujeres y los hombres y los papeles que deben desempe\u00f1ar en la sociedad. Las suposiciones sexistas sobre las mujeres y los hombres, que se manifiestan como estereotipos de g\u00e9nero, pueden clasificar a un g\u00e9nero como superior a otro. Este pensamiento jer\u00e1rquico puede ser consciente y hostil, o puede ser inconsciente, manifest\u00e1ndose como sesgo inconsciente. El sexismo puede afectar a todo el mundo, pero afecta especialmente a las mujeres.    <\/p>\n\n\n\n<div class=\"wp-block-group is-vertical is-layout-flex wp-container-core-group-is-layout-8cf370e7 wp-block-group-is-layout-flex\">\n<p><strong>Recursos (en ingl\u00e9s):<\/strong><\/p>\n\n\n\n<ul class=\"wp-block-list\">\n<li><strong><a href=\"https:\/\/eige.europa.eu\/publications-resources\/toolkits-guides\/sexism-at-work-handbook\/part-1-understand\/what-sexism?language_content_entity=en\" target=\"_blank\" rel=\"noreferrer noopener\"><\/a><a href=\"https:\/\/eige.europa.eu\/publications-resources\/toolkits-guides\/sexism-at-work-handbook\/part-1-understand\/what-sexism?language_content_entity=en\">Sexismo &#8211; Instituto Europeo de la Igualdad de G\u00e9nero<\/a><\/strong><\/li>\n\n\n\n<li><a href=\"https:\/\/www.youtube.com\/watch?v=mqt4Ycpp3Ow&amp;pp=ygUGc2V4aXNt\" target=\"_blank\" rel=\"noreferrer noopener\"><strong>\u00bfC\u00f3mo nos afecta a todos el sexismo?<\/strong><\/a><\/li>\n<\/ul>\n<\/div>\n\n\n\n<div style=\"height:30px\" aria-hidden=\"true\" class=\"wp-block-spacer\"><\/div>\n\n\n<a target=\"_self\" class=\"button small grey\" href=\"\/es\/1a-categoria-violencia-de-genero-y-violencia-contra-la-identidad-femenina\/\">Atr\u00e1s<\/a>\n","protected":false},"excerpt":{"rendered":"<p>Discriminaci\u00f3n o prejuicios contra las personas por raz\u00f3n de su sexo, g\u00e9nero y\/o caracter\u00edsticas percibidas de los mismos. Est\u00e1 vinculada a creencias sobre la naturaleza fundamental de las mujeres y los hombres y los papeles que deben desempe\u00f1ar en la sociedad. Las suposiciones sexistas sobre las mujeres y los hombres, que se manifiestan como estereotipos&#8230;<\/p>\n","protected":false},"author":6,"featured_media":0,"parent":0,"menu_order":0,"comment_status":"closed","ping_status":"closed","template":"t-team.php","meta":{"footnotes":""},"class_list":["post-4002","page","type-page","status-publish","hentry"],"jetpack_sharing_enabled":true,"jetpack-related-posts":[],"_links":{"self":[{"href":"https:\/\/ewisee.eu\/es\/wp-json\/wp\/v2\/pages\/4002","targetHints":{"allow":["GET"]}}],"collection":[{"href":"https:\/\/ewisee.eu\/es\/wp-json\/wp\/v2\/pages"}],"about":[{"href":"https:\/\/ewisee.eu\/es\/wp-json\/wp\/v2\/types\/page"}],"author":[{"embeddable":true,"href":"https:\/\/ewisee.eu\/es\/wp-json\/wp\/v2\/users\/6"}],"replies":[{"embeddable":true,"href":"https:\/\/ewisee.eu\/es\/wp-json\/wp\/v2\/comments?post=4002"}],"version-history":[{"count":2,"href":"https:\/\/ewisee.eu\/es\/wp-json\/wp\/v2\/pages\/4002\/revisions"}],"predecessor-version":[{"id":4007,"href":"https:\/\/ewisee.eu\/es\/wp-json\/wp\/v2\/pages\/4002\/revisions\/4007"}],"wp:attachment":[{"href":"https:\/\/ewisee.eu\/es\/wp-json\/wp\/v2\/media?parent=4002"}],"curies":[{"name":"wp","href":"https:\/\/api.w.org\/{rel}","templated":true}]}}

<p>Discriminación o prejuicios contra las personas por razón de su sexo, género y/o características percibidas de los mismos. Está vinculada a creencias sobre la naturaleza fundamental de las mujeres y los hombres y los papeles que deben desempeñar en la sociedad. Las suposiciones sexistas sobre las mujeres y los hombres, que se manifiestan como estereotipos de género, pueden clasificar a un género como superior a otro. Este pensamiento jerárquico puede ser consciente y hostil, o puede ser inconsciente, manifestándose como sesgo inconsciente. El sexismo puede afectar a todo el mundo, pero afecta especialmente a las mujeres.    </p>



<div class="wp-block-group is-vertical is-layout-flex wp-container-core-group-is-layout-8cf370e7 wp-block-group-is-layout-flex">
<p><strong>Recursos (en inglés):</strong></p>



<ul class="wp-block-list">
<li><strong><a href="https://eige.europa.eu/publications-resources/toolkits-guides/sexism-at-work-handbook/part-1-understand/what-sexism?language_content_entity=en" target="_blank" rel="noreferrer noopener"></a><a href="https://eige.europa.eu/publications-resources/toolkits-guides/sexism-at-work-handbook/part-1-understand/what-sexism?language_content_entity=en">Sexismo &#8211; Instituto Europeo de la Igualdad de Género</a></strong></li>



<li><a href="https://www.youtube.com/watch?v=mqt4Ycpp3Ow&amp;pp=ygUGc2V4aXNt" target="_blank" rel="noreferrer noopener"><strong>¿Cómo nos afecta a todos el sexismo?</strong></a></li>
</ul>
</div>



<div style="height:30px" aria-hidden="true" class="wp-block-spacer"></div>


<a target="_self" class="button small grey" href="/es/1a-categoria-violencia-de-genero-y-violencia-contra-la-identidad-femenina/">Atrás</a>

<p>Discriminación o prejuicios contra las personas por razón de su sexo, género y/o características percibidas de los mismos. Está vinculada a creencias sobre la naturaleza fundamental de las mujeres y los hombres y los papeles que deben desempeñar en la sociedad. Las suposiciones sexistas sobre las mujeres y los hombres, que se manifiestan como estereotipos&#8230;</p>
