{"id":4078,"date":"2024-04-29T19:25:24","date_gmt":"2024-04-29T19:25:24","guid":{"rendered":"https:\/\/ewisee.eu\/transfobia-trans-misoginia\/"},"modified":"2024-09-06T02:30:30","modified_gmt":"2024-09-06T02:30:30","slug":"transfobia-trans-misoginia","status":"publish","type":"page","link":"https:\/\/ewisee.eu\/es\/transfobia-trans-misoginia\/","title":{"rendered":"Transfobia \/ Trans-Misoginia"},"content":{"rendered":"\n<p>La transfobia hace referencia a toda la gama de manifestaciones de hostilidad, fobia o expresiones de malestar, aversi\u00f3n, intolerancia o incluso odio hacia las personas trans por su identidad o expresi\u00f3n de g\u00e9nero.<\/p>\n\n\n\n<p>El t\u00e9rmino sin\u00f3nimo es <span style=\"text-decoration: underline;\">misoginia trans <\/span>(cuando se refiere a las mujeres trans). Las actitudes negativas se expresan a trav\u00e9s del odio cultural, la violencia individual y estatal y la discriminaci\u00f3n hacia las mujeres trans y las personas transfemeninas. <\/p>\n\n\n\n<p><em>(vale la pena mencionar: TERF= Trans Exclusionary Radical Feminists = Feministas que excluyen de su manifiesto los derechos de las personas trans a la libertad y a expresar su feminidad).<\/em> <\/p>\n\n\n\n<p>Es necesario distinguir la transfobia de la homofobia y la lesbofobia (las respectivas expresiones contra gays y lesbianas), en parte por razones pol\u00edticas de demostrar la intolerancia que sienten las personas trans, pero sobre todo porque se basan en la identidad de g\u00e9nero y la expresi\u00f3n de g\u00e9nero y no en la orientaci\u00f3n sexual; pero tambi\u00e9n porque la discriminaci\u00f3n que sufren las personas trans, tal y como la describe el Comisario de Derechos Humanos del Consejo de Europa, s\u00f3lo se produce entre el subgrupo de personas trans.<\/p>\n\n\n\n<div class=\"wp-block-group is-vertical is-layout-flex wp-container-core-group-is-layout-8cf370e7 wp-block-group-is-layout-flex\">\n<p><strong>Recursos (en ingl\u00e9s):<\/strong><\/p>\n\n\n\n<ul class=\"wp-block-list\">\n<li><strong><a href=\"https:\/\/drive.google.com\/file\/d\/11My9v2WZrmILsQnWrDgu7wzLLM2pnUeA\/view?usp=drive_link\" target=\"_blank\" rel=\"noreferrer noopener\"><\/a><a href=\"https:\/\/drive.google.com\/file\/d\/11My9v2WZrmILsQnWrDgu7wzLLM2pnUeA\/view?usp=drive_link\">GALANOU, M. IDENTIDAD Y EXPRESI\u00d3N DE G\u00c9NERO &#8211; Discriminaci\u00f3n, transfobia, discriminaci\u00f3n de g\u00e9nero.<\/a><\/strong><\/li>\n<\/ul>\n<\/div>\n\n\n\n<div style=\"height:30px\" aria-hidden=\"true\" class=\"wp-block-spacer\"><\/div>\n\n\n<a target=\"_self\" class=\"button small grey\" href=\"\/es\/2a-categoria-discriminacion-y-conductas-abusivas-hacia-las-personas-por-su-identidad-sexual-y-de-genero\/\">Atr\u00e1s<\/a>\n","protected":false},"excerpt":{"rendered":"<p>La transfobia hace referencia a toda la gama de manifestaciones de hostilidad, fobia o expresiones de malestar, aversi\u00f3n, intolerancia o incluso odio hacia las personas trans por su identidad o expresi\u00f3n de g\u00e9nero. El t\u00e9rmino sin\u00f3nimo es misoginia trans (cuando se refiere a las mujeres trans). Las actitudes negativas se expresan a trav\u00e9s del odio&#8230;<\/p>\n","protected":false},"author":6,"featured_media":0,"parent":0,"menu_order":0,"comment_status":"closed","ping_status":"closed","template":"t-team.php","meta":{"footnotes":""},"class_list":["post-4078","page","type-page","status-publish","hentry"],"jetpack_sharing_enabled":true,"jetpack-related-posts":[],"_links":{"self":[{"href":"https:\/\/ewisee.eu\/es\/wp-json\/wp\/v2\/pages\/4078","targetHints":{"allow":["GET"]}}],"collection":[{"href":"https:\/\/ewisee.eu\/es\/wp-json\/wp\/v2\/pages"}],"about":[{"href":"https:\/\/ewisee.eu\/es\/wp-json\/wp\/v2\/types\/page"}],"author":[{"embeddable":true,"href":"https:\/\/ewisee.eu\/es\/wp-json\/wp\/v2\/users\/6"}],"replies":[{"embeddable":true,"href":"https:\/\/ewisee.eu\/es\/wp-json\/wp\/v2\/comments?post=4078"}],"version-history":[{"count":2,"href":"https:\/\/ewisee.eu\/es\/wp-json\/wp\/v2\/pages\/4078\/revisions"}],"predecessor-version":[{"id":4083,"href":"https:\/\/ewisee.eu\/es\/wp-json\/wp\/v2\/pages\/4078\/revisions\/4083"}],"wp:attachment":[{"href":"https:\/\/ewisee.eu\/es\/wp-json\/wp\/v2\/media?parent=4078"}],"curies":[{"name":"wp","href":"https:\/\/api.w.org\/{rel}","templated":true}]}}

<p>La transfobia hace referencia a toda la gama de manifestaciones de hostilidad, fobia o expresiones de malestar, aversión, intolerancia o incluso odio hacia las personas trans por su identidad o expresión de género.</p>



<p>El término sinónimo es <span style="text-decoration: underline;">misoginia trans </span>(cuando se refiere a las mujeres trans). Las actitudes negativas se expresan a través del odio cultural, la violencia individual y estatal y la discriminación hacia las mujeres trans y las personas transfemeninas. </p>



<p><em>(vale la pena mencionar: TERF= Trans Exclusionary Radical Feminists = Feministas que excluyen de su manifiesto los derechos de las personas trans a la libertad y a expresar su feminidad).</em> </p>



<p>Es necesario distinguir la transfobia de la homofobia y la lesbofobia (las respectivas expresiones contra gays y lesbianas), en parte por razones políticas de demostrar la intolerancia que sienten las personas trans, pero sobre todo porque se basan en la identidad de género y la expresión de género y no en la orientación sexual; pero también porque la discriminación que sufren las personas trans, tal y como la describe el Comisario de Derechos Humanos del Consejo de Europa, sólo se produce entre el subgrupo de personas trans.</p>



<div class="wp-block-group is-vertical is-layout-flex wp-container-core-group-is-layout-8cf370e7 wp-block-group-is-layout-flex">
<p><strong>Recursos (en inglés):</strong></p>



<ul class="wp-block-list">
<li><strong><a href="https://drive.google.com/file/d/11My9v2WZrmILsQnWrDgu7wzLLM2pnUeA/view?usp=drive_link" target="_blank" rel="noreferrer noopener"></a><a href="https://drive.google.com/file/d/11My9v2WZrmILsQnWrDgu7wzLLM2pnUeA/view?usp=drive_link">GALANOU, M. IDENTIDAD Y EXPRESIÓN DE GÉNERO &#8211; Discriminación, transfobia, discriminación de género.</a></strong></li>
</ul>
</div>



<div style="height:30px" aria-hidden="true" class="wp-block-spacer"></div>


<a target="_self" class="button small grey" href="/es/2a-categoria-discriminacion-y-conductas-abusivas-hacia-las-personas-por-su-identidad-sexual-y-de-genero/">Atrás</a>

<p>La transfobia hace referencia a toda la gama de manifestaciones de hostilidad, fobia o expresiones de malestar, aversión, intolerancia o incluso odio hacia las personas trans por su identidad o expresión de género. El término sinónimo es misoginia trans (cuando se refiere a las mujeres trans). Las actitudes negativas se expresan a través del odio&#8230;</p>
