{"id":4271,"date":"2024-04-30T00:20:05","date_gmt":"2024-04-30T00:20:05","guid":{"rendered":"https:\/\/ewisee.eu\/lenguaje-inclusivo\/"},"modified":"2024-09-10T16:59:50","modified_gmt":"2024-09-10T16:59:50","slug":"lenguaje-inclusivo","status":"publish","type":"page","link":"https:\/\/ewisee.eu\/es\/lenguaje-inclusivo\/","title":{"rendered":"Lenguaje Inclusivo"},"content":{"rendered":"\n<p>El lenguaje inclusivo es un estilo de lenguaje que evita expresiones que sus defensores perciben como expresivas o impl\u00edcitas de ideas sexistas, racistas o de cualquier otro tipo, sesgadas, prejuiciosas o insultantes para un grupo o grupos de personas concretos. En su lugar, utiliza un lenguaje destinado a evitar la ofensa y a cumplir los ideales de inclusi\u00f3n social y equidad. <\/p>\n\n\n\n<p><em>\u00abSer inclusivo y tener un lenguaje inclusivo no es s\u00f3lo una cuesti\u00f3n de c\u00f3mo hablamos, sino de c\u00f3mo actuamos con respecto al otro y a nosotros mismos\u00bb.<\/em><\/p>\n\n\n\n<p><strong>Recursos (en ingl\u00e9s):<\/strong><\/p>\n\n\n\n<ul class=\"wp-block-list\">\n<li><strong><a href=\"https:\/\/www.apa.org\/about\/apa\/equity-diversity-inclusion\/language-guidelines\" target=\"_blank\" rel=\"noreferrer noopener\"><\/a><a href=\"https:\/\/www.apa.org\/about\/apa\/equity-diversity-inclusion\/language-guidelines\">Gu\u00eda de lenguaje inclusivo &#8211; Asociaci\u00f3n Americana de Psicolog\u00eda<\/a> <\/strong><\/li>\n\n\n\n<li><strong><a href=\"https:\/\/www.youtube.com\/watch?v=6N_DzBcTxPs&amp;pp=ygUSaW5jbHVzaXZlIGxhbmd1YWdl\" target=\"_blank\" rel=\"noreferrer noopener\"><\/a><a href=\"https:\/\/www.youtube.com\/watch?v=6N_DzBcTxPs&amp;pp=ygUSaW5jbHVzaXZlIGxhbmd1YWdl\">Lenguaje inclusivo | Camelia Bui | TEDxYouth@SSIS<\/a><\/strong><\/li>\n<\/ul>\n\n\n\n<div style=\"height:30px\" aria-hidden=\"true\" class=\"wp-block-spacer\"><\/div>\n\n\n<a target=\"_self\" class=\"button small grey\" href=\"\/es\/educacion-inclusiva\/\">Atr\u00e1s<\/a>\n","protected":false},"excerpt":{"rendered":"<p>El lenguaje inclusivo es un estilo de lenguaje que evita expresiones que sus defensores perciben como expresivas o impl\u00edcitas de ideas sexistas, racistas o de cualquier otro tipo, sesgadas, prejuiciosas o insultantes para un grupo o grupos de personas concretos. En su lugar, utiliza un lenguaje destinado a evitar la ofensa y a cumplir los&#8230;<\/p>\n","protected":false},"author":6,"featured_media":0,"parent":0,"menu_order":0,"comment_status":"closed","ping_status":"closed","template":"t-team.php","meta":{"footnotes":""},"class_list":["post-4271","page","type-page","status-publish","hentry"],"jetpack_sharing_enabled":true,"jetpack-related-posts":[],"_links":{"self":[{"href":"https:\/\/ewisee.eu\/es\/wp-json\/wp\/v2\/pages\/4271","targetHints":{"allow":["GET"]}}],"collection":[{"href":"https:\/\/ewisee.eu\/es\/wp-json\/wp\/v2\/pages"}],"about":[{"href":"https:\/\/ewisee.eu\/es\/wp-json\/wp\/v2\/types\/page"}],"author":[{"embeddable":true,"href":"https:\/\/ewisee.eu\/es\/wp-json\/wp\/v2\/users\/6"}],"replies":[{"embeddable":true,"href":"https:\/\/ewisee.eu\/es\/wp-json\/wp\/v2\/comments?post=4271"}],"version-history":[{"count":3,"href":"https:\/\/ewisee.eu\/es\/wp-json\/wp\/v2\/pages\/4271\/revisions"}],"predecessor-version":[{"id":4278,"href":"https:\/\/ewisee.eu\/es\/wp-json\/wp\/v2\/pages\/4271\/revisions\/4278"}],"wp:attachment":[{"href":"https:\/\/ewisee.eu\/es\/wp-json\/wp\/v2\/media?parent=4271"}],"curies":[{"name":"wp","href":"https:\/\/api.w.org\/{rel}","templated":true}]}}

<p>El lenguaje inclusivo es un estilo de lenguaje que evita expresiones que sus defensores perciben como expresivas o implícitas de ideas sexistas, racistas o de cualquier otro tipo, sesgadas, prejuiciosas o insultantes para un grupo o grupos de personas concretos. En su lugar, utiliza un lenguaje destinado a evitar la ofensa y a cumplir los ideales de inclusión social y equidad. </p>



<p><em>«Ser inclusivo y tener un lenguaje inclusivo no es sólo una cuestión de cómo hablamos, sino de cómo actuamos con respecto al otro y a nosotros mismos».</em></p>



<p><strong>Recursos (en inglés):</strong></p>



<ul class="wp-block-list">
<li><strong><a href="https://www.apa.org/about/apa/equity-diversity-inclusion/language-guidelines" target="_blank" rel="noreferrer noopener"></a><a href="https://www.apa.org/about/apa/equity-diversity-inclusion/language-guidelines">Guía de lenguaje inclusivo &#8211; Asociación Americana de Psicología</a> </strong></li>



<li><strong><a href="https://www.youtube.com/watch?v=6N_DzBcTxPs&amp;pp=ygUSaW5jbHVzaXZlIGxhbmd1YWdl" target="_blank" rel="noreferrer noopener"></a><a href="https://www.youtube.com/watch?v=6N_DzBcTxPs&amp;pp=ygUSaW5jbHVzaXZlIGxhbmd1YWdl">Lenguaje inclusivo | Camelia Bui | TEDxYouth@SSIS</a></strong></li>
</ul>



<div style="height:30px" aria-hidden="true" class="wp-block-spacer"></div>


<a target="_self" class="button small grey" href="/es/educacion-inclusiva/">Atrás</a>

<p>El lenguaje inclusivo es un estilo de lenguaje que evita expresiones que sus defensores perciben como expresivas o implícitas de ideas sexistas, racistas o de cualquier otro tipo, sesgadas, prejuiciosas o insultantes para un grupo o grupos de personas concretos. En su lugar, utiliza un lenguaje destinado a evitar la ofensa y a cumplir los&#8230;</p>
