{"id":4368,"date":"2024-05-08T21:52:24","date_gmt":"2024-05-08T21:52:24","guid":{"rendered":"https:\/\/ewisee.eu\/habilidades-y-actitudes-necesarias-para-el-cultivo-del-discurso-inclusivo-y-la-transformacion-del-lenguaje-abusivo-y-de-odio\/"},"modified":"2024-09-10T20:30:33","modified_gmt":"2024-09-10T20:30:33","slug":"habilidades-y-actitudes-necesarias-para-el-cultivo-del-discurso-inclusivo-y-la-transformacion-del-lenguaje-abusivo-y-de-odio","status":"publish","type":"page","link":"https:\/\/ewisee.eu\/es\/habilidades-y-actitudes-necesarias-para-el-cultivo-del-discurso-inclusivo-y-la-transformacion-del-lenguaje-abusivo-y-de-odio\/","title":{"rendered":"Habilidades y Actitudes necesarias para el Cultivo del Discurso Inclusivo y la Transformaci\u00f3n del Lenguaje Abusivo y de Odio"},"content":{"rendered":"\n<ul class=\"wp-block-list\">\n<li>Lenguaje respetuoso con la inclusi\u00f3n de pronombres, identidades m\u00faltiples\/formas de presentarse de las personas<\/li>\n\n\n\n<li>Apertura al cambio y disposici\u00f3n a escuchar historias personales sin prejuicios (<em>Escucha activa<\/em>: <i>escuchar atentamente a un orador, comprender lo que dice, responder y reflexionar sobre lo que se dice y retener la informaci\u00f3n para m\u00e1s tarde).<\/i><\/li>\n\n\n\n<li>Rechazo de estereotipos y prejuicios <\/li>\n\n\n\n<li>Respetar las identidades personales <em>(la identidad personal incluye las caracter\u00edsticas personales, la historia, la personalidad, el nombre y otros factores que nos hacen \u00fanicos y diferentes de otros individuos).<\/em> <\/li>\n\n\n\n<li>Aceptaci\u00f3n<\/li>\n\n\n\n<li>Capacidad de comunicaci\u00f3n: transmisi\u00f3n de un mensaje que incluye la comprensi\u00f3n compartida entre los contextos en los que se produce la comunicaci\u00f3n. <\/li>\n\n\n\n<li>La empat\u00eda es la capacidad de comprender o sentir lo que experimenta la otra persona desde el propio marco de referencia; es la capacidad de ponerse en el lugar del otro.<\/li>\n\n\n\n<li>La alfabetizaci\u00f3n emocional es la capacidad de comprender las propias emociones, la capacidad de escuchar a los dem\u00e1s y empatizar con sus emociones, y la capacidad de expresar las emociones de forma productiva. Alfabetizado emocional es el individuo que puede manejar las emociones de una manera que mejora el poder del individuo y mejora la calidad de vida a su alrededor. La alfabetizaci\u00f3n emocional mejora las relaciones, crea posibilidades afectivas entre las personas, hace posible el trabajo cooperativo y facilita el sentimiento de comunidad.   <\/li>\n\n\n\n<li>Habilidades intrapersonales: capacidades y comportamientos internos que ayudan a gestionar las emociones, afrontar los retos y aprender nueva informaci\u00f3n.<\/li>\n\n\n\n<li>Habilidades interpersonales: capacidad de interactuar con las personas mediante una escucha y una comunicaci\u00f3n eficaces.<\/li>\n\n\n\n<li>La autoconciencia es la capacidad de reconocer las propias emociones y pensamientos y su influencia en el comportamiento. Esto incluye evaluar con precisi\u00f3n los propios puntos fuertes y limitaciones y poseer un sentido bien fundado de la responsabilidad y el optimismo. <\/li>\n\n\n\n<li>La conciencia social es la capacidad de comprender y empatizar con otras personas de or\u00edgenes y culturas diversos, de entender las normas sociales de comportamiento y de reconocer los recursos de apoyo de la familia, la escuela y la comunidad.<\/li>\n\n\n\n<li>La escucha activa es una forma de escuchar y responder a otra persona que mejora la comprensi\u00f3n mutua. Es un primer paso importante para distender una situaci\u00f3n y buscar soluciones a los problemas.  <\/li>\n<\/ul>\n\n\n\n<div class=\"wp-block-group is-vertical is-layout-flex wp-container-core-group-is-layout-8cf370e7 wp-block-group-is-layout-flex\">\n<p><strong>Recursos (en ingl\u00e9s):<\/strong><\/p>\n\n\n\n<ul class=\"wp-block-list\">\n<li><a href=\"https:\/\/www.youtube.com\/watch?v=BW82k7lwI_U&amp;pp=ygUZY29tbXVuaWNhdGlvbiBza2lsbHMga2lkcw%3D%3D\" target=\"_blank\" rel=\"noreferrer noopener\"><strong>La escucha activa: C\u00f3mo comunicarse eficazmente<\/strong><\/a><\/li>\n\n\n\n<li><a href=\"https:\/\/www.youtube.com\/watch?v=RVqjzzfCEk0&amp;pp=ygUeaW50ZXJwZXJzb25hbCBza2lsbHMgYW1hemUgb3Jn\" target=\"_blank\" rel=\"noreferrer noopener\"><strong>C\u00f3mo ser un buen oyente<\/strong><\/a><\/li>\n\n\n\n<li><strong><a href=\"https:\/\/youtu.be\/CEPw4CEGc1o?feature=shared\" target=\"_blank\" rel=\"noreferrer noopener\"><\/a><a href=\"https:\/\/youtu.be\/CEPw4CEGc1o?feature=shared\">Aprendizaje socio-emocional para ni\u00f1os: Benji, el mal d\u00eda, y yo | Vooks La hora del cuento<\/a> <\/strong><\/li>\n\n\n\n<li><a href=\"https:\/\/www.youtube.com\/watch?v=2yWgddTi5g0&amp;pp=ygUdZW1vdGlvbmFsIHNlbGYgYXdhcmVuZXNzIGtpZHM%3D\" target=\"_blank\" rel=\"noreferrer noopener\"><strong>Autoconocimiento para ni\u00f1os<\/strong><\/a><\/li>\n\n\n\n<li><a href=\"https:\/\/youtu.be\/om3INBWfoxY?feature=shared\" target=\"_blank\" rel=\"noreferrer noopener\"><strong>Bienestar Para Los Ni\u00f1os: Identidad y valores<\/strong><\/a><\/li>\n\n\n\n<li><a href=\"https:\/\/youtu.be\/akTRWJZMks0?feature=shared\" target=\"_blank\" rel=\"noreferrer noopener\"><strong>\u00abEmociones\u00bb &#8211; StoryBots Super Songs Episodio 8 | Netflix Jr<\/strong><\/a><\/li>\n\n\n\n<li><strong><a href=\"https:\/\/youtube.com\/playlist?list=PLRnAhAymA0dRbPB7q2uafRBVBfw0Hy_X6&amp;feature=shared\" target=\"_blank\" rel=\"noreferrer noopener\"><\/a><a href=\"https:\/\/youtube.com\/playlist?list=PLRnAhAymA0dRbPB7q2uafRBVBfw0Hy_X6&amp;feature=shared\">V\u00eddeos sobre aprendizaje socioemocional (PLAYLIST)<\/a> <\/strong><\/li>\n\n\n\n<li><a href=\"https:\/\/www.youtube.com\/watch?v=_qtpmi4yzSs&amp;pp=ygUUYWNjZXB0YW5jZSBkaXZlcnNpdHk%3D\" target=\"_blank\" rel=\"noreferrer noopener\"><strong>Respetar las diferencias entre las personas | Mariana Chartier | TEDxYouth@BSCR<\/strong><\/a><\/li>\n\n\n\n<li><a href=\"https:\/\/youtu.be\/RIwwPHeWQdA?feature=shared\" target=\"_blank\" rel=\"noreferrer noopener\"><strong>Empat\u00eda, educaci\u00f3n, inclusi\u00f3n: Una gu\u00eda para la verdadera amistad | Emma Liu | TEDxYouth@GrandviewHeights<\/strong><\/a><\/li>\n<\/ul>\n<\/div>\n\n\n\n<div style=\"height:30px\" aria-hidden=\"true\" class=\"wp-block-spacer\"><\/div>\n\n\n<a target=\"_self\" class=\"button small grey\" href=\"\/es\/educacion-inclusiva\/\">Atr\u00e1s<\/a>\n","protected":false},"excerpt":{"rendered":"<p>Recursos (en ingl\u00e9s):<\/p>\n","protected":false},"author":6,"featured_media":0,"parent":0,"menu_order":0,"comment_status":"closed","ping_status":"closed","template":"t-team.php","meta":{"footnotes":""},"class_list":["post-4368","page","type-page","status-publish","hentry"],"jetpack_sharing_enabled":true,"jetpack-related-posts":[],"_links":{"self":[{"href":"https:\/\/ewisee.eu\/es\/wp-json\/wp\/v2\/pages\/4368","targetHints":{"allow":["GET"]}}],"collection":[{"href":"https:\/\/ewisee.eu\/es\/wp-json\/wp\/v2\/pages"}],"about":[{"href":"https:\/\/ewisee.eu\/es\/wp-json\/wp\/v2\/types\/page"}],"author":[{"embeddable":true,"href":"https:\/\/ewisee.eu\/es\/wp-json\/wp\/v2\/users\/6"}],"replies":[{"embeddable":true,"href":"https:\/\/ewisee.eu\/es\/wp-json\/wp\/v2\/comments?post=4368"}],"version-history":[{"count":2,"href":"https:\/\/ewisee.eu\/es\/wp-json\/wp\/v2\/pages\/4368\/revisions"}],"predecessor-version":[{"id":4373,"href":"https:\/\/ewisee.eu\/es\/wp-json\/wp\/v2\/pages\/4368\/revisions\/4373"}],"wp:attachment":[{"href":"https:\/\/ewisee.eu\/es\/wp-json\/wp\/v2\/media?parent=4368"}],"curies":[{"name":"wp","href":"https:\/\/api.w.org\/{rel}","templated":true}]}}

Habilidades y Actitudes necesarias para el Cultivo del Discurso Inclusivo y la Transformación del Lenguaje Abusivo y de Odio

<ul class="wp-block-list">
<li>Lenguaje respetuoso con la inclusión de pronombres, identidades múltiples/formas de presentarse de las personas</li>



<li>Apertura al cambio y disposición a escuchar historias personales sin prejuicios (<em>Escucha activa</em>: <i>escuchar atentamente a un orador, comprender lo que dice, responder y reflexionar sobre lo que se dice y retener la información para más tarde).</i></li>



<li>Rechazo de estereotipos y prejuicios </li>



<li>Respetar las identidades personales <em>(la identidad personal incluye las características personales, la historia, la personalidad, el nombre y otros factores que nos hacen únicos y diferentes de otros individuos).</em> </li>



<li>Aceptación</li>



<li>Capacidad de comunicación: transmisión de un mensaje que incluye la comprensión compartida entre los contextos en los que se produce la comunicación. </li>



<li>La empatía es la capacidad de comprender o sentir lo que experimenta la otra persona desde el propio marco de referencia; es la capacidad de ponerse en el lugar del otro.</li>



<li>La alfabetización emocional es la capacidad de comprender las propias emociones, la capacidad de escuchar a los demás y empatizar con sus emociones, y la capacidad de expresar las emociones de forma productiva. Alfabetizado emocional es el individuo que puede manejar las emociones de una manera que mejora el poder del individuo y mejora la calidad de vida a su alrededor. La alfabetización emocional mejora las relaciones, crea posibilidades afectivas entre las personas, hace posible el trabajo cooperativo y facilita el sentimiento de comunidad.   </li>



<li>Habilidades intrapersonales: capacidades y comportamientos internos que ayudan a gestionar las emociones, afrontar los retos y aprender nueva información.</li>



<li>Habilidades interpersonales: capacidad de interactuar con las personas mediante una escucha y una comunicación eficaces.</li>



<li>La autoconciencia es la capacidad de reconocer las propias emociones y pensamientos y su influencia en el comportamiento. Esto incluye evaluar con precisión los propios puntos fuertes y limitaciones y poseer un sentido bien fundado de la responsabilidad y el optimismo. </li>



<li>La conciencia social es la capacidad de comprender y empatizar con otras personas de orígenes y culturas diversos, de entender las normas sociales de comportamiento y de reconocer los recursos de apoyo de la familia, la escuela y la comunidad.</li>



<li>La escucha activa es una forma de escuchar y responder a otra persona que mejora la comprensión mutua. Es un primer paso importante para distender una situación y buscar soluciones a los problemas.  </li>
</ul>



<div class="wp-block-group is-vertical is-layout-flex wp-container-core-group-is-layout-8cf370e7 wp-block-group-is-layout-flex">
<p><strong>Recursos (en inglés):</strong></p>



<ul class="wp-block-list">
<li><a href="https://www.youtube.com/watch?v=BW82k7lwI_U&amp;pp=ygUZY29tbXVuaWNhdGlvbiBza2lsbHMga2lkcw%3D%3D" target="_blank" rel="noreferrer noopener"><strong>La escucha activa: Cómo comunicarse eficazmente</strong></a></li>



<li><a href="https://www.youtube.com/watch?v=RVqjzzfCEk0&amp;pp=ygUeaW50ZXJwZXJzb25hbCBza2lsbHMgYW1hemUgb3Jn" target="_blank" rel="noreferrer noopener"><strong>Cómo ser un buen oyente</strong></a></li>



<li><strong><a href="https://youtu.be/CEPw4CEGc1o?feature=shared" target="_blank" rel="noreferrer noopener"></a><a href="https://youtu.be/CEPw4CEGc1o?feature=shared">Aprendizaje socio-emocional para niños: Benji, el mal día, y yo | Vooks La hora del cuento</a> </strong></li>



<li><a href="https://www.youtube.com/watch?v=2yWgddTi5g0&amp;pp=ygUdZW1vdGlvbmFsIHNlbGYgYXdhcmVuZXNzIGtpZHM%3D" target="_blank" rel="noreferrer noopener"><strong>Autoconocimiento para niños</strong></a></li>



<li><a href="https://youtu.be/om3INBWfoxY?feature=shared" target="_blank" rel="noreferrer noopener"><strong>Bienestar Para Los Niños: Identidad y valores</strong></a></li>



<li><a href="https://youtu.be/akTRWJZMks0?feature=shared" target="_blank" rel="noreferrer noopener"><strong>«Emociones» &#8211; StoryBots Super Songs Episodio 8 | Netflix Jr</strong></a></li>



<li><strong><a href="https://youtube.com/playlist?list=PLRnAhAymA0dRbPB7q2uafRBVBfw0Hy_X6&amp;feature=shared" target="_blank" rel="noreferrer noopener"></a><a href="https://youtube.com/playlist?list=PLRnAhAymA0dRbPB7q2uafRBVBfw0Hy_X6&amp;feature=shared">Vídeos sobre aprendizaje socioemocional (PLAYLIST)</a> </strong></li>



<li><a href="https://www.youtube.com/watch?v=_qtpmi4yzSs&amp;pp=ygUUYWNjZXB0YW5jZSBkaXZlcnNpdHk%3D" target="_blank" rel="noreferrer noopener"><strong>Respetar las diferencias entre las personas | Mariana Chartier | TEDxYouth@BSCR</strong></a></li>



<li><a href="https://youtu.be/RIwwPHeWQdA?feature=shared" target="_blank" rel="noreferrer noopener"><strong>Empatía, educación, inclusión: Una guía para la verdadera amistad | Emma Liu | TEDxYouth@GrandviewHeights</strong></a></li>
</ul>
</div>



<div style="height:30px" aria-hidden="true" class="wp-block-spacer"></div>


<a target="_self" class="button small grey" href="/es/educacion-inclusiva/">Atrás</a>

<p>Recursos (en inglés):</p>
