{"id":3067,"date":"2024-04-22T21:36:43","date_gmt":"2024-04-22T21:36:43","guid":{"rendered":"https:\/\/ewisee.eu\/transgender\/"},"modified":"2024-08-16T23:48:16","modified_gmt":"2024-08-16T23:48:16","slug":"transgender","status":"publish","type":"page","link":"https:\/\/ewisee.eu\/it\/transgender\/","title":{"rendered":"Transgender"},"content":{"rendered":"\n<p><em><strong>NOTA<\/strong>: Anche questo termine \u00e8 incluso in questa categoria, anche se si riferisce al genere, perch\u00e9 \u00e8 stato inserito nell&#8217;acronimo LGBTQIA+.<\/em><\/p>\n\n\n\n<p>Una persona la cui identit\u00e0 e\/o espressione di genere non \u00e8 in linea con il sesso che le \u00e8 stato assegnato alla nascita. Transgender \u00e8 spesso usato come termine ombrello che comprende un gran numero di identit\u00e0 legate alla non conformit\u00e0 di genere. (Per comprendere meglio gli elementi del termine, consultare i seguenti termini della categoria &#8220;<a href=\"https:\/\/ewisee.eu\/it\/termini-legati-al-genere\/\" data-type=\"link\" data-id=\"https:\/\/ewisee.eu\/gender-related-terms\/\">Termini legati al genere<\/a>&#8220;: <a href=\"https:\/\/ewisee.eu\/gender\/\" data-type=\"link\" data-id=\"https:\/\/ewisee.eu\/gender\/\">Genere<\/a>, <a href=\"https:\/\/ewisee.eu\/gender-identity\/\" data-type=\"link\" data-id=\"https:\/\/ewisee.eu\/gender-identity\/\">Identit\u00e0 di genere<\/a>, <a href=\"https:\/\/ewisee.eu\/gender-dysphoria\/\" data-type=\"link\" data-id=\"https:\/\/ewisee.eu\/gender-dysphoria\/\">Disforia di genere<\/a> e <a href=\"https:\/\/ewisee.eu\/cis-gender\/\" data-type=\"link\" data-id=\"https:\/\/ewisee.eu\/cis-gender\/\">Cis-Gender<\/a>).  <\/p>\n\n\n\n<figure class=\"wp-block-image size-medium is-resized is-style-default\"><img loading=\"lazy\" decoding=\"async\" width=\"300\" height=\"150\" src=\"https:\/\/ewisee.eu\/wp-content\/uploads\/2024\/04\/Transgender-Pride-Flag-300x150.png\" alt=\"\" class=\"wp-image-1431\" style=\"width:200px;height:auto\" srcset=\"https:\/\/ewisee.eu\/wp-content\/uploads\/2024\/04\/Transgender-Pride-Flag-300x150.png 300w, https:\/\/ewisee.eu\/wp-content\/uploads\/2024\/04\/Transgender-Pride-Flag-270x135.png 270w, https:\/\/ewisee.eu\/wp-content\/uploads\/2024\/04\/Transgender-Pride-Flag.png 318w\" sizes=\"auto, (max-width: 300px) 100vw, 300px\" \/><figcaption class=\"wp-element-caption\">Bandiera dell&#8217;orgoglio transgender<br>-Wikipedia<\/figcaption><\/figure>\n\n\n\n<div class=\"wp-block-group is-vertical is-layout-flex wp-container-core-group-is-layout-8cf370e7 wp-block-group-is-layout-flex\">\n<p><strong>Risorse:<\/strong><\/p>\n\n\n\n<ul class=\"wp-block-list\">\n<li><a href=\"https:\/\/drive.google.com\/file\/d\/1Z-G153mJ7n0_oJM2FmaJqnN9BhILefFS\/view?usp=drive_link\" target=\"_blank\" rel=\"noreferrer noopener\"><strong>Galanou, M. Identit\u00e0 ed espressione di genere &#8211; Persona transgender<\/strong><\/a><strong>  <\/strong><\/li>\n\n\n\n<li><a href=\"https:\/\/youtu.be\/uIuS-48tSpE?feature=shared\" target=\"_blank\" rel=\"noreferrer noopener\"><strong>Crescere come trans (documentario completo) | FRONTLINE<\/strong><\/a><strong> <\/strong><\/li>\n\n\n\n<li><a href=\"https:\/\/youtu.be\/uLcIbjgnGlQ?feature=shared\" target=\"_blank\" rel=\"noreferrer noopener\"><strong>Essere transgender<\/strong><\/a><\/li>\n<\/ul>\n<\/div>\n\n\n\n<div style=\"height:30px\" aria-hidden=\"true\" class=\"wp-block-spacer\"><\/div>\n\n\n<a target=\"_self\" class=\"button small grey\" href=\"\/it\/termini-lgbtqia\/\">Indietro<\/a>\n","protected":false},"excerpt":{"rendered":"<p>NOTA: Anche questo termine \u00e8 incluso in questa categoria, anche se si riferisce al genere, perch\u00e9 \u00e8 stato inserito nell&#8217;acronimo LGBTQIA+. Una persona la cui identit\u00e0 e\/o espressione di genere non \u00e8 in linea con il sesso che le \u00e8 stato assegnato alla nascita. Transgender \u00e8 spesso usato come termine ombrello che comprende un gran&#8230;<\/p>\n","protected":false},"author":6,"featured_media":0,"parent":0,"menu_order":0,"comment_status":"closed","ping_status":"closed","template":"t-team.php","meta":{"footnotes":""},"class_list":["post-3067","page","type-page","status-publish","hentry"],"jetpack_sharing_enabled":true,"jetpack-related-posts":[],"_links":{"self":[{"href":"https:\/\/ewisee.eu\/it\/wp-json\/wp\/v2\/pages\/3067","targetHints":{"allow":["GET"]}}],"collection":[{"href":"https:\/\/ewisee.eu\/it\/wp-json\/wp\/v2\/pages"}],"about":[{"href":"https:\/\/ewisee.eu\/it\/wp-json\/wp\/v2\/types\/page"}],"author":[{"embeddable":true,"href":"https:\/\/ewisee.eu\/it\/wp-json\/wp\/v2\/users\/6"}],"replies":[{"embeddable":true,"href":"https:\/\/ewisee.eu\/it\/wp-json\/wp\/v2\/comments?post=3067"}],"version-history":[{"count":4,"href":"https:\/\/ewisee.eu\/it\/wp-json\/wp\/v2\/pages\/3067\/revisions"}],"predecessor-version":[{"id":3072,"href":"https:\/\/ewisee.eu\/it\/wp-json\/wp\/v2\/pages\/3067\/revisions\/3072"}],"wp:attachment":[{"href":"https:\/\/ewisee.eu\/it\/wp-json\/wp\/v2\/media?parent=3067"}],"curies":[{"name":"wp","href":"https:\/\/api.w.org\/{rel}","templated":true}]}}

<p><em><strong>NOTA</strong>: Anche questo termine è incluso in questa categoria, anche se si riferisce al genere, perché è stato inserito nell&#8217;acronimo LGBTQIA+.</em></p>



<p>Una persona la cui identità e/o espressione di genere non è in linea con il sesso che le è stato assegnato alla nascita. Transgender è spesso usato come termine ombrello che comprende un gran numero di identità legate alla non conformità di genere. (Per comprendere meglio gli elementi del termine, consultare i seguenti termini della categoria &#8220;<a href="https://ewisee.eu/it/termini-legati-al-genere/" data-type="link" data-id="https://ewisee.eu/gender-related-terms/">Termini legati al genere</a>&#8220;: <a href="https://ewisee.eu/gender/" data-type="link" data-id="https://ewisee.eu/gender/">Genere</a>, <a href="https://ewisee.eu/gender-identity/" data-type="link" data-id="https://ewisee.eu/gender-identity/">Identità di genere</a>, <a href="https://ewisee.eu/gender-dysphoria/" data-type="link" data-id="https://ewisee.eu/gender-dysphoria/">Disforia di genere</a> e <a href="https://ewisee.eu/cis-gender/" data-type="link" data-id="https://ewisee.eu/cis-gender/">Cis-Gender</a>).  </p>



<figure class="wp-block-image size-medium is-resized is-style-default"><img loading="lazy" decoding="async" width="300" height="150" src="https://ewisee.eu/wp-content/uploads/2024/04/Transgender-Pride-Flag-300x150.png" alt="" class="wp-image-1431" style="width:200px;height:auto" srcset="https://ewisee.eu/wp-content/uploads/2024/04/Transgender-Pride-Flag-300x150.png 300w, https://ewisee.eu/wp-content/uploads/2024/04/Transgender-Pride-Flag-270x135.png 270w, https://ewisee.eu/wp-content/uploads/2024/04/Transgender-Pride-Flag.png 318w" sizes="auto, (max-width: 300px) 100vw, 300px" /><figcaption class="wp-element-caption">Bandiera dell&#8217;orgoglio transgender<br>-Wikipedia</figcaption></figure>



<div class="wp-block-group is-vertical is-layout-flex wp-container-core-group-is-layout-8cf370e7 wp-block-group-is-layout-flex">
<p><strong>Risorse:</strong></p>



<ul class="wp-block-list">
<li><a href="https://drive.google.com/file/d/1Z-G153mJ7n0_oJM2FmaJqnN9BhILefFS/view?usp=drive_link" target="_blank" rel="noreferrer noopener"><strong>Galanou, M. Identità ed espressione di genere &#8211; Persona transgender</strong></a><strong>  </strong></li>



<li><a href="https://youtu.be/uIuS-48tSpE?feature=shared" target="_blank" rel="noreferrer noopener"><strong>Crescere come trans (documentario completo) | FRONTLINE</strong></a><strong> </strong></li>



<li><a href="https://youtu.be/uLcIbjgnGlQ?feature=shared" target="_blank" rel="noreferrer noopener"><strong>Essere transgender</strong></a></li>
</ul>
</div>



<div style="height:30px" aria-hidden="true" class="wp-block-spacer"></div>


<a target="_self" class="button small grey" href="/it/termini-lgbtqia/">Indietro</a>

<p>NOTA: Anche questo termine è incluso in questa categoria, anche se si riferisce al genere, perché è stato inserito nell&#8217;acronimo LGBTQIA+. Una persona la cui identità e/o espressione di genere non è in linea con il sesso che le è stato assegnato alla nascita. Transgender è spesso usato come termine ombrello che comprende un gran&#8230;</p>
