{"id":3187,"date":"2024-04-26T16:37:48","date_gmt":"2024-04-26T16:37:48","guid":{"rendered":"https:\/\/ewisee.eu\/genere\/"},"modified":"2024-08-29T03:19:21","modified_gmt":"2024-08-29T03:19:21","slug":"genere","status":"publish","type":"page","link":"https:\/\/ewisee.eu\/it\/genere\/","title":{"rendered":"Genere"},"content":{"rendered":"\n<p>Un insieme di identit\u00e0 culturali, espressioni e ruoli &#8211; tipicamente legati al sesso assegnato alla nascita e codificati come femminili o maschili &#8211; che vengono assegnati alle persone in base all&#8217;interpretazione del loro corpo e, pi\u00f9 specificamente, della loro anatomia sessuale e riproduttiva. Il genere \u00e8 socialmente costruito ed \u00e8 possibile rifiutare o modificare l&#8217;assegnazione fatta e sviluppare qualcosa che si senta pi\u00f9 vero per se stessi. Esempi di genere includono, ma non si limitano a, maschio, femmina, donna transgender, uomo transgender, agender, gender expansive, genderqueer e nonbinary&#8221;.  <\/p>\n\n\n\n<p><em>&#8220;Una costrutto sociale. Ma \u00e8 riuscito a includere tutti gli individui e a dare sicurezza a tutti gli individui. D\u00e0 loro un inizio su come continuare il loro viaggio. Una persona che si identifica con un determinato genere significa che ha elaborato un concetto particolare con cui si sente a proprio agio. Io, come non-binario, dopo anni di esplorazione di concetti, ho concluso che \u00e8 un termine che mi rappresenta, mi definisce e con cui mi sento a mio agio. E sento che \u00e8 vicino a ci\u00f2 che sento e voglio esprimere all&#8217;esterno. Le domande chiave su questo tema sono: &#8220;Cosa sono?&#8221; e &#8220;Cosa voglio essere?&#8221;. \u00c8 una cosa personale. E come voglio che gli altri mi vedano. A volte non basta capirlo, ma dobbiamo farlo capire agli altri, ad esempio con il nostro aspetto&#8221;. <\/em><\/p>\n\n\n\n<div style=\"height:30px\" aria-hidden=\"true\" class=\"wp-block-spacer\"><\/div>\n\n\n<a target=\"_self\" class=\"button small grey\" href=\"\/it\/termini-legati-al-genere\/\">Indietro<\/a>\n","protected":false},"excerpt":{"rendered":"<p>Un insieme di identit\u00e0 culturali, espressioni e ruoli &#8211; tipicamente legati al sesso assegnato alla nascita e codificati come femminili o maschili &#8211; che vengono assegnati alle persone in base all&#8217;interpretazione del loro corpo e, pi\u00f9 specificamente, della loro anatomia sessuale e riproduttiva. Il genere \u00e8 socialmente costruito ed \u00e8 possibile rifiutare o modificare l&#8217;assegnazione&#8230;<\/p>\n","protected":false},"author":6,"featured_media":0,"parent":0,"menu_order":0,"comment_status":"closed","ping_status":"closed","template":"t-team.php","meta":{"footnotes":""},"class_list":["post-3187","page","type-page","status-publish","hentry"],"jetpack_sharing_enabled":true,"jetpack-related-posts":[],"_links":{"self":[{"href":"https:\/\/ewisee.eu\/it\/wp-json\/wp\/v2\/pages\/3187","targetHints":{"allow":["GET"]}}],"collection":[{"href":"https:\/\/ewisee.eu\/it\/wp-json\/wp\/v2\/pages"}],"about":[{"href":"https:\/\/ewisee.eu\/it\/wp-json\/wp\/v2\/types\/page"}],"author":[{"embeddable":true,"href":"https:\/\/ewisee.eu\/it\/wp-json\/wp\/v2\/users\/6"}],"replies":[{"embeddable":true,"href":"https:\/\/ewisee.eu\/it\/wp-json\/wp\/v2\/comments?post=3187"}],"version-history":[{"count":4,"href":"https:\/\/ewisee.eu\/it\/wp-json\/wp\/v2\/pages\/3187\/revisions"}],"predecessor-version":[{"id":3191,"href":"https:\/\/ewisee.eu\/it\/wp-json\/wp\/v2\/pages\/3187\/revisions\/3191"}],"wp:attachment":[{"href":"https:\/\/ewisee.eu\/it\/wp-json\/wp\/v2\/media?parent=3187"}],"curies":[{"name":"wp","href":"https:\/\/api.w.org\/{rel}","templated":true}]}}

<p>Un insieme di identità culturali, espressioni e ruoli &#8211; tipicamente legati al sesso assegnato alla nascita e codificati come femminili o maschili &#8211; che vengono assegnati alle persone in base all&#8217;interpretazione del loro corpo e, più specificamente, della loro anatomia sessuale e riproduttiva. Il genere è socialmente costruito ed è possibile rifiutare o modificare l&#8217;assegnazione fatta e sviluppare qualcosa che si senta più vero per se stessi. Esempi di genere includono, ma non si limitano a, maschio, femmina, donna transgender, uomo transgender, agender, gender expansive, genderqueer e nonbinary&#8221;.  </p>



<p><em>&#8220;Una costrutto sociale. Ma è riuscito a includere tutti gli individui e a dare sicurezza a tutti gli individui. Dà loro un inizio su come continuare il loro viaggio. Una persona che si identifica con un determinato genere significa che ha elaborato un concetto particolare con cui si sente a proprio agio. Io, come non-binario, dopo anni di esplorazione di concetti, ho concluso che è un termine che mi rappresenta, mi definisce e con cui mi sento a mio agio. E sento che è vicino a ciò che sento e voglio esprimere all&#8217;esterno. Le domande chiave su questo tema sono: &#8220;Cosa sono?&#8221; e &#8220;Cosa voglio essere?&#8221;. È una cosa personale. E come voglio che gli altri mi vedano. A volte non basta capirlo, ma dobbiamo farlo capire agli altri, ad esempio con il nostro aspetto&#8221;. </em></p>



<div style="height:30px" aria-hidden="true" class="wp-block-spacer"></div>


<a target="_self" class="button small grey" href="/it/termini-legati-al-genere/">Indietro</a>

<p>Un insieme di identità culturali, espressioni e ruoli &#8211; tipicamente legati al sesso assegnato alla nascita e codificati come femminili o maschili &#8211; che vengono assegnati alle persone in base all&#8217;interpretazione del loro corpo e, più specificamente, della loro anatomia sessuale e riproduttiva. Il genere è socialmente costruito ed è possibile rifiutare o modificare l&#8217;assegnazione&#8230;</p>
