{"id":3253,"date":"2024-04-26T20:00:38","date_gmt":"2024-04-26T20:00:38","guid":{"rendered":"https:\/\/ewisee.eu\/ruoli-di-genere\/"},"modified":"2024-08-29T05:17:06","modified_gmt":"2024-08-29T05:17:06","slug":"ruoli-di-genere","status":"publish","type":"page","link":"https:\/\/ewisee.eu\/it\/ruoli-di-genere\/","title":{"rendered":"Ruoli Di Genere"},"content":{"rendered":"\n<p>Le aspettative culturali o sociali su come le persone dovrebbero agire, pensare e\/o sentire in base al genere con cui vengono percepite. <\/p>\n\n\n\n<p><span style=\"text-decoration: underline;\">Il termine \u00e8 strettamente legato a quello di &#8220;performativit\u00e0 di genere&#8221;, introdotto per la prima volta da Judith Butler nel libro &#8220;Problemi di genere&#8221; (1990).<\/span><\/p>\n\n\n\n<p>Il termine \u00e8 stato introdotto nella linguistica degli studi di genere da Judith Butler. Ripensando al rapporto tra sesso anatomico e sociale (sex  gender), Butler sostiene che il sesso anatomico e sociale non sono altro che performance che acquisiscono potere e autorit\u00e0 attraverso gli atti ripetuti dei soggetti. Di conseguenza, il genere non \u00e8 ci\u00f2 che siamo, ma ci\u00f2 che eseguiamo.  <\/p>\n\n\n\n<p>[Galanou, M. (2014). <em>Identit\u00e0 ed espressione di genere.<\/em> Atene: Transgender Support Association].<\/p>\n\n\n\n<p><em>(Basato sulla domanda? Come ci si aspetta che ti comporti in base al tuo genere? O ci si aspetta che tu ti comporti in un certo modo in relazione al tuo genere?)<\/em><\/p>\n\n\n\n<div style=\"height:30px\" aria-hidden=\"true\" class=\"wp-block-spacer\"><\/div>\n\n\n<a target=\"_self\" class=\"button small grey\" href=\"\/it\/termini-legati-al-genere\/\">Indietro<\/a>\n","protected":false},"excerpt":{"rendered":"<p>Le aspettative culturali o sociali su come le persone dovrebbero agire, pensare e\/o sentire in base al genere con cui vengono percepite. Il termine \u00e8 strettamente legato a quello di &#8220;performativit\u00e0 di genere&#8221;, introdotto per la prima volta da Judith Butler nel libro &#8220;Problemi di genere&#8221; (1990). Il termine \u00e8 stato introdotto nella linguistica degli&#8230;<\/p>\n","protected":false},"author":6,"featured_media":0,"parent":0,"menu_order":0,"comment_status":"closed","ping_status":"closed","template":"t-team.php","meta":{"footnotes":""},"class_list":["post-3253","page","type-page","status-publish","hentry"],"jetpack_sharing_enabled":true,"jetpack-related-posts":[],"_links":{"self":[{"href":"https:\/\/ewisee.eu\/it\/wp-json\/wp\/v2\/pages\/3253","targetHints":{"allow":["GET"]}}],"collection":[{"href":"https:\/\/ewisee.eu\/it\/wp-json\/wp\/v2\/pages"}],"about":[{"href":"https:\/\/ewisee.eu\/it\/wp-json\/wp\/v2\/types\/page"}],"author":[{"embeddable":true,"href":"https:\/\/ewisee.eu\/it\/wp-json\/wp\/v2\/users\/6"}],"replies":[{"embeddable":true,"href":"https:\/\/ewisee.eu\/it\/wp-json\/wp\/v2\/comments?post=3253"}],"version-history":[{"count":4,"href":"https:\/\/ewisee.eu\/it\/wp-json\/wp\/v2\/pages\/3253\/revisions"}],"predecessor-version":[{"id":3257,"href":"https:\/\/ewisee.eu\/it\/wp-json\/wp\/v2\/pages\/3253\/revisions\/3257"}],"wp:attachment":[{"href":"https:\/\/ewisee.eu\/it\/wp-json\/wp\/v2\/media?parent=3253"}],"curies":[{"name":"wp","href":"https:\/\/api.w.org\/{rel}","templated":true}]}}

<p>Le aspettative culturali o sociali su come le persone dovrebbero agire, pensare e/o sentire in base al genere con cui vengono percepite. </p>



<p><span style="text-decoration: underline;">Il termine è strettamente legato a quello di &#8220;performatività di genere&#8221;, introdotto per la prima volta da Judith Butler nel libro &#8220;Problemi di genere&#8221; (1990).</span></p>



<p>Il termine è stato introdotto nella linguistica degli studi di genere da Judith Butler. Ripensando al rapporto tra sesso anatomico e sociale (sex  gender), Butler sostiene che il sesso anatomico e sociale non sono altro che performance che acquisiscono potere e autorità attraverso gli atti ripetuti dei soggetti. Di conseguenza, il genere non è ciò che siamo, ma ciò che eseguiamo.  </p>



<p>[Galanou, M. (2014). <em>Identità ed espressione di genere.</em> Atene: Transgender Support Association].</p>



<p><em>(Basato sulla domanda? Come ci si aspetta che ti comporti in base al tuo genere? O ci si aspetta che tu ti comporti in un certo modo in relazione al tuo genere?)</em></p>



<div style="height:30px" aria-hidden="true" class="wp-block-spacer"></div>


<a target="_self" class="button small grey" href="/it/termini-legati-al-genere/">Indietro</a>

<p>Le aspettative culturali o sociali su come le persone dovrebbero agire, pensare e/o sentire in base al genere con cui vengono percepite. Il termine è strettamente legato a quello di &#8220;performatività di genere&#8221;, introdotto per la prima volta da Judith Butler nel libro &#8220;Problemi di genere&#8221; (1990). Il termine è stato introdotto nella linguistica degli&#8230;</p>
