{"id":3551,"date":"2024-05-08T21:52:24","date_gmt":"2024-05-08T21:52:24","guid":{"rendered":"https:\/\/ewisee.eu\/competenze-e-atteggiamenti-necessari-per-coltivare-un-dialogo-inclusivo-e-per-trasformare-il-linguaggio-offensivo-e-dodio\/"},"modified":"2024-09-02T04:05:58","modified_gmt":"2024-09-02T04:05:58","slug":"competenze-e-atteggiamenti-necessari-per-coltivare-un-dialogo-inclusivo-e-per-trasformare-il-linguaggio-offensivo-e-dodio","status":"publish","type":"page","link":"https:\/\/ewisee.eu\/it\/competenze-e-atteggiamenti-necessari-per-coltivare-un-dialogo-inclusivo-e-per-trasformare-il-linguaggio-offensivo-e-dodio\/","title":{"rendered":"Competenze e atteggiamenti necessari per coltivare un dialogo inclusivo e per trasformare il linguaggio offensivo e d&#8217;odio"},"content":{"rendered":"\n<ul class=\"wp-block-list\">\n<li>Un linguaggio che rispetta l&#8217;inclusivit\u00e0 dei pronomi, delle identit\u00e0 multiple, e dei modi in cui gli individui si presentano.<\/li>\n\n\n\n<li>Apertura al cambiamento e disponibilit\u00e0 ad ascoltare storie personali senza pregiudizi (<em>ascolto attivo<\/em>: <i>ascoltare attentamente un oratore, comprendere ci\u00f2 che dice, rispondere e riflettere su ci\u00f2 che viene detto e conservare le informazioni per il futuro<\/i>).<\/li>\n\n\n\n<li>Rifiuto di stereotipi e pregiudizi <\/li>\n\n\n\n<li>Rispettare le identit\u00e0 personali <em>(l&#8217;identit\u00e0 personale comprende le caratteristiche personali, la storia, la personalit\u00e0, il nome e altri fattori che ci rendono unici e diversi da altri individui)<\/em> <\/li>\n\n\n\n<li>Accettazione<\/li>\n\n\n\n<li>Abilit\u00e0 comunicative: la trasmissione di un messaggio che include la comprensione condivisa dei contesti in cui avviene la comunicazione. <\/li>\n\n\n\n<li>L&#8217;empatia \u00e8 la capacit\u00e0 di comprendere o sentire ci\u00f2 che l&#8217;altro sta vivendo all&#8217;interno del proprio quadro di riferimento; \u00e8 la capacit\u00e0 di mettersi nei panni dell&#8217;altro.<\/li>\n\n\n\n<li>L&#8217;alfabetizzazione emotiva \u00e8 la capacit\u00e0 di comprendere le proprie emozioni, la capacit\u00e0 di ascoltare gli altri e di immedesimarsi nelle loro emozioni e la capacit\u00e0 di esprimere le emozioni in modo produttivo. L&#8217;alfabetizzazione emotiva \u00e8 la capacit\u00e0 di gestire le emozioni in modo da migliorare il potere dell&#8217;individuo e la qualit\u00e0 della vita intorno a lui. L&#8217;alfabetizzazione emotiva migliora le relazioni, crea possibilit\u00e0 d&#8217;amore tra le persone, rende possibile il lavoro cooperativo e facilita il senso di comunit\u00e0.   <\/li>\n\n\n\n<li>Abilit\u00e0 interpersonali: le abilit\u00e0 e i comportamenti interni che aiutano a gestire le emozioni, ad affrontare le sfide e ad apprendere nuove informazioni.<\/li>\n\n\n\n<li>Competenze interpersonali: capacit\u00e0 di interagire con le persone attraverso l&#8217;ascolto e la comunicazione efficace.<\/li>\n\n\n\n<li>La consapevolezza di s\u00e9 \u00e8 la capacit\u00e0 di riconoscere le proprie emozioni e i propri pensieri e la loro influenza sul comportamento. Ci\u00f2 include la valutazione accurata dei propri punti di forza e dei propri limiti e il possesso di un fondato senso di responsabilit\u00e0 e ottimismo. <\/li>\n\n\n\n<li>La consapevolezza sociale \u00e8 la capacit\u00e0 di comprendere ed entrare in empatia con gli altri provenienti da contesti e culture diverse, di capire le norme sociali di comportamento e di riconoscere le risorse familiari, scolastiche e comunitarie di supporto.<\/li>\n\n\n\n<li>L&#8217;ascolto attivo \u00e8 un modo di ascoltare e rispondere a un&#8217;altra persona in modo da migliorare la comprensione reciproca. \u00c8 un primo passo importante per stemperare una situazione e cercare soluzioni ai problemi.  <\/li>\n<\/ul>\n\n\n\n<div class=\"wp-block-group is-vertical is-layout-flex wp-container-core-group-is-layout-8cf370e7 wp-block-group-is-layout-flex\">\n<p><strong>Risorse:<\/strong><\/p>\n\n\n\n<ul class=\"wp-block-list\">\n<li><a href=\"https:\/\/www.youtube.com\/watch?v=BW82k7lwI_U&amp;pp=ygUZY29tbXVuaWNhdGlvbiBza2lsbHMga2lkcw%3D%3D\" target=\"_blank\" rel=\"noreferrer noopener\"><strong>Ascolto attivo: Come comunicare in modo efficace<\/strong><\/a><\/li>\n\n\n\n<li><a href=\"https:\/\/www.youtube.com\/watch?v=RVqjzzfCEk0&amp;pp=ygUeaW50ZXJwZXJzb25hbCBza2lsbHMgYW1hemUgb3Jn\" target=\"_blank\" rel=\"noreferrer noopener\"><strong>Come diventare un buon ascoltatore<\/strong><\/a><\/li>\n\n\n\n<li><strong><a href=\"https:\/\/youtu.be\/CEPw4CEGc1o?feature=shared\" target=\"_blank\" rel=\"noreferrer noopener\"><\/a><a href=\"https:\/\/youtu.be\/CEPw4CEGc1o?feature=shared\">Apprendimento socio-emotivo per i bambini: Benji, la giornata storta e io &#8211; Vooks Storytime<\/a> <\/strong><\/li>\n\n\n\n<li><a href=\"https:\/\/www.youtube.com\/watch?v=2yWgddTi5g0&amp;pp=ygUdZW1vdGlvbmFsIHNlbGYgYXdhcmVuZXNzIGtpZHM%3D\" target=\"_blank\" rel=\"noreferrer noopener\"><strong>Consapevolezza di s\u00e9 per i bambini<\/strong><\/a><\/li>\n\n\n\n<li><a href=\"https:\/\/youtu.be\/om3INBWfoxY?feature=shared\" target=\"_blank\" rel=\"noreferrer noopener\"><strong>Benessere per i bambini: Identit\u00e0 e valori<\/strong><\/a><\/li>\n\n\n\n<li><a href=\"https:\/\/youtu.be\/akTRWJZMks0?feature=shared\" target=\"_blank\" rel=\"noreferrer noopener\"><strong>&#8220;Emozioni&#8221; &#8211; StoryBots Super Songs Episodio 8 | Netflix Jr<\/strong><\/a><\/li>\n\n\n\n<li><strong><a href=\"https:\/\/youtube.com\/playlist?list=PLRnAhAymA0dRbPB7q2uafRBVBfw0Hy_X6&amp;feature=shared\" target=\"_blank\" rel=\"noreferrer noopener\"><\/a><a href=\"https:\/\/youtube.com\/playlist?list=PLRnAhAymA0dRbPB7q2uafRBVBfw0Hy_X6&amp;feature=shared\">Video sull&#8217;apprendimento socio-emotivo (PLAYLIST)<\/a> <\/strong><\/li>\n\n\n\n<li><a href=\"https:\/\/www.youtube.com\/watch?v=_qtpmi4yzSs&amp;pp=ygUUYWNjZXB0YW5jZSBkaXZlcnNpdHk%3D\" target=\"_blank\" rel=\"noreferrer noopener\"><strong>Rispettare le differenze tra le persone | Mariana Chartier | TEDxYouth@BSCR<\/strong><\/a><\/li>\n\n\n\n<li><a href=\"https:\/\/youtu.be\/RIwwPHeWQdA?feature=shared\" target=\"_blank\" rel=\"noreferrer noopener\"><strong>Empatia, educazione, inclusione: Una guida alla vera amicizia | Emma Liu | TEDxYouth@GrandviewHeights<\/strong><\/a><\/li>\n<\/ul>\n<\/div>\n\n\n\n<div style=\"height:30px\" aria-hidden=\"true\" class=\"wp-block-spacer\"><\/div>\n\n\n<a target=\"_self\" class=\"button small grey\" href=\"\/it\/educazione-inclusiva\/\">Indietro<\/a>\n","protected":false},"excerpt":{"rendered":"<p>Risorse:<\/p>\n","protected":false},"author":6,"featured_media":0,"parent":0,"menu_order":0,"comment_status":"closed","ping_status":"closed","template":"t-team.php","meta":{"footnotes":""},"class_list":["post-3551","page","type-page","status-publish","hentry"],"jetpack_sharing_enabled":true,"jetpack-related-posts":[],"_links":{"self":[{"href":"https:\/\/ewisee.eu\/it\/wp-json\/wp\/v2\/pages\/3551","targetHints":{"allow":["GET"]}}],"collection":[{"href":"https:\/\/ewisee.eu\/it\/wp-json\/wp\/v2\/pages"}],"about":[{"href":"https:\/\/ewisee.eu\/it\/wp-json\/wp\/v2\/types\/page"}],"author":[{"embeddable":true,"href":"https:\/\/ewisee.eu\/it\/wp-json\/wp\/v2\/users\/6"}],"replies":[{"embeddable":true,"href":"https:\/\/ewisee.eu\/it\/wp-json\/wp\/v2\/comments?post=3551"}],"version-history":[{"count":2,"href":"https:\/\/ewisee.eu\/it\/wp-json\/wp\/v2\/pages\/3551\/revisions"}],"predecessor-version":[{"id":3553,"href":"https:\/\/ewisee.eu\/it\/wp-json\/wp\/v2\/pages\/3551\/revisions\/3553"}],"wp:attachment":[{"href":"https:\/\/ewisee.eu\/it\/wp-json\/wp\/v2\/media?parent=3551"}],"curies":[{"name":"wp","href":"https:\/\/api.w.org\/{rel}","templated":true}]}}

<ul class="wp-block-list">
<li>Un linguaggio che rispetta l&#8217;inclusività dei pronomi, delle identità multiple, e dei modi in cui gli individui si presentano.</li>



<li>Apertura al cambiamento e disponibilità ad ascoltare storie personali senza pregiudizi (<em>ascolto attivo</em>: <i>ascoltare attentamente un oratore, comprendere ciò che dice, rispondere e riflettere su ciò che viene detto e conservare le informazioni per il futuro</i>).</li>



<li>Rifiuto di stereotipi e pregiudizi </li>



<li>Rispettare le identità personali <em>(l&#8217;identità personale comprende le caratteristiche personali, la storia, la personalità, il nome e altri fattori che ci rendono unici e diversi da altri individui)</em> </li>



<li>Accettazione</li>



<li>Abilità comunicative: la trasmissione di un messaggio che include la comprensione condivisa dei contesti in cui avviene la comunicazione. </li>



<li>L&#8217;empatia è la capacità di comprendere o sentire ciò che l&#8217;altro sta vivendo all&#8217;interno del proprio quadro di riferimento; è la capacità di mettersi nei panni dell&#8217;altro.</li>



<li>L&#8217;alfabetizzazione emotiva è la capacità di comprendere le proprie emozioni, la capacità di ascoltare gli altri e di immedesimarsi nelle loro emozioni e la capacità di esprimere le emozioni in modo produttivo. L&#8217;alfabetizzazione emotiva è la capacità di gestire le emozioni in modo da migliorare il potere dell&#8217;individuo e la qualità della vita intorno a lui. L&#8217;alfabetizzazione emotiva migliora le relazioni, crea possibilità d&#8217;amore tra le persone, rende possibile il lavoro cooperativo e facilita il senso di comunità.   </li>



<li>Abilità interpersonali: le abilità e i comportamenti interni che aiutano a gestire le emozioni, ad affrontare le sfide e ad apprendere nuove informazioni.</li>



<li>Competenze interpersonali: capacità di interagire con le persone attraverso l&#8217;ascolto e la comunicazione efficace.</li>



<li>La consapevolezza di sé è la capacità di riconoscere le proprie emozioni e i propri pensieri e la loro influenza sul comportamento. Ciò include la valutazione accurata dei propri punti di forza e dei propri limiti e il possesso di un fondato senso di responsabilità e ottimismo. </li>



<li>La consapevolezza sociale è la capacità di comprendere ed entrare in empatia con gli altri provenienti da contesti e culture diverse, di capire le norme sociali di comportamento e di riconoscere le risorse familiari, scolastiche e comunitarie di supporto.</li>



<li>L&#8217;ascolto attivo è un modo di ascoltare e rispondere a un&#8217;altra persona in modo da migliorare la comprensione reciproca. È un primo passo importante per stemperare una situazione e cercare soluzioni ai problemi.  </li>
</ul>



<div class="wp-block-group is-vertical is-layout-flex wp-container-core-group-is-layout-8cf370e7 wp-block-group-is-layout-flex">
<p><strong>Risorse:</strong></p>



<ul class="wp-block-list">
<li><a href="https://www.youtube.com/watch?v=BW82k7lwI_U&amp;pp=ygUZY29tbXVuaWNhdGlvbiBza2lsbHMga2lkcw%3D%3D" target="_blank" rel="noreferrer noopener"><strong>Ascolto attivo: Come comunicare in modo efficace</strong></a></li>



<li><a href="https://www.youtube.com/watch?v=RVqjzzfCEk0&amp;pp=ygUeaW50ZXJwZXJzb25hbCBza2lsbHMgYW1hemUgb3Jn" target="_blank" rel="noreferrer noopener"><strong>Come diventare un buon ascoltatore</strong></a></li>



<li><strong><a href="https://youtu.be/CEPw4CEGc1o?feature=shared" target="_blank" rel="noreferrer noopener"></a><a href="https://youtu.be/CEPw4CEGc1o?feature=shared">Apprendimento socio-emotivo per i bambini: Benji, la giornata storta e io &#8211; Vooks Storytime</a> </strong></li>



<li><a href="https://www.youtube.com/watch?v=2yWgddTi5g0&amp;pp=ygUdZW1vdGlvbmFsIHNlbGYgYXdhcmVuZXNzIGtpZHM%3D" target="_blank" rel="noreferrer noopener"><strong>Consapevolezza di sé per i bambini</strong></a></li>



<li><a href="https://youtu.be/om3INBWfoxY?feature=shared" target="_blank" rel="noreferrer noopener"><strong>Benessere per i bambini: Identità e valori</strong></a></li>



<li><a href="https://youtu.be/akTRWJZMks0?feature=shared" target="_blank" rel="noreferrer noopener"><strong>&#8220;Emozioni&#8221; &#8211; StoryBots Super Songs Episodio 8 | Netflix Jr</strong></a></li>



<li><strong><a href="https://youtube.com/playlist?list=PLRnAhAymA0dRbPB7q2uafRBVBfw0Hy_X6&amp;feature=shared" target="_blank" rel="noreferrer noopener"></a><a href="https://youtube.com/playlist?list=PLRnAhAymA0dRbPB7q2uafRBVBfw0Hy_X6&amp;feature=shared">Video sull&#8217;apprendimento socio-emotivo (PLAYLIST)</a> </strong></li>



<li><a href="https://www.youtube.com/watch?v=_qtpmi4yzSs&amp;pp=ygUUYWNjZXB0YW5jZSBkaXZlcnNpdHk%3D" target="_blank" rel="noreferrer noopener"><strong>Rispettare le differenze tra le persone | Mariana Chartier | TEDxYouth@BSCR</strong></a></li>



<li><a href="https://youtu.be/RIwwPHeWQdA?feature=shared" target="_blank" rel="noreferrer noopener"><strong>Empatia, educazione, inclusione: Una guida alla vera amicizia | Emma Liu | TEDxYouth@GrandviewHeights</strong></a></li>
</ul>
</div>



<div style="height:30px" aria-hidden="true" class="wp-block-spacer"></div>


<a target="_self" class="button small grey" href="/it/educazione-inclusiva/">Indietro</a>
